{"id":3014,"date":"2014-09-02T06:05:05","date_gmt":"2014-09-02T06:05:05","guid":{"rendered":"http:\/\/obcanskymonitoring.cz\/?page_id=3014"},"modified":"2016-07-22T08:49:18","modified_gmt":"2016-07-22T08:49:18","slug":"autori-ringu","status":"publish","type":"page","link":"https:\/\/obcanskymonitoring.cz\/?page_id=3014","title":{"rendered":"Auto\u0159i Ringu"},"content":{"rendered":"<p>Na t\u00e9to str\u00e1nce zve\u0159ejn\u00edme stru\u010dn\u00e9 profilkovky autor\u016f, kte\u0159\u00ed \u010dast\u011bji zas\u00edlaj\u00ed texty pro publikaci na &#8220;<a href=\"http:\/\/obcanskymonitoring.cz\/\">Ringu<\/a>&#8220;.<\/p>\n<div>\n<dl id=\"attachment_3938\">\n<dt><a href=\"http:\/\/obcanskymonitoring.cz\/wp-content\/uploads\/2016\/03\/svabova1.png\"><img loading=\"lazy\" class=\"alignnone size-medium wp-image-5303\" alt=\"svabova\" src=\"http:\/\/obcanskymonitoring.cz\/wp-content\/uploads\/2016\/03\/svabova1-250x300.png\" width=\"250\" height=\"300\" srcset=\"https:\/\/obcanskymonitoring.cz\/wp-content\/uploads\/2016\/03\/svabova1-250x300.png 250w, https:\/\/obcanskymonitoring.cz\/wp-content\/uploads\/2016\/03\/svabova1-856x1024.png 856w\" sizes=\"(max-width: 250px) 100vw, 250px\" \/><\/a><\/dt>\n<dd>Ing. arch. Marie \u0160v\u00e1bov\u00e1<\/dd>\n<\/dl>\n<\/div>\n<p>Oblast: Architektura, urbanismus, pam\u00e1tkov\u00e9\u00a0kauzy p\u0159edev\u0161\u00edm Prahy. \u00a0Viceprezidentka sdru\u017een\u00ed <a href=\"http:\/\/www.asorkd.cz\/kontakt\/\">ASORKD<\/a>. Ve sv\u00fdch textech se sna\u017e\u00ed p\u0159esv\u011bd\u010dit Prahu, ale i jin\u00e1 m\u011bsta k syst\u00e9mov\u011bj\u0161\u00ed ochran\u011b pam\u00e1tek a ve\u0159ejn\u00fdch prostranstv\u00ed: k zaveden\u00ed tzv. <a href=\"http:\/\/obcanskymonitoring.cz\/?p=1949\">prostorov\u00fdch regulativ\u016f<\/a>.<\/p>\n<p><a href=\"http:\/\/obcanskymonitoring.cz\/?s=%C5%A1v%C3%A1bov&amp;x=0&amp;y=0\">\u010cl\u00e1nky autorky<\/a>.<\/p>\n<p>&nbsp;<\/p>\n<p><a href=\"http:\/\/obcanskymonitoring.cz\/wp-content\/uploads\/2014\/09\/Jiri_GEBERT.jpg\"><img loading=\"lazy\" class=\"alignnone size-medium wp-image-3008\" alt=\"Jiri_GEBERT\" src=\"http:\/\/obcanskymonitoring.cz\/wp-content\/uploads\/2014\/09\/Jiri_GEBERT-205x300.jpg\" width=\"205\" height=\"300\" srcset=\"https:\/\/obcanskymonitoring.cz\/wp-content\/uploads\/2014\/09\/Jiri_GEBERT-205x300.jpg 205w, https:\/\/obcanskymonitoring.cz\/wp-content\/uploads\/2014\/09\/Jiri_GEBERT-702x1024.jpg 702w, https:\/\/obcanskymonitoring.cz\/wp-content\/uploads\/2014\/09\/Jiri_GEBERT.jpg 762w\" sizes=\"(max-width: 205px) 100vw, 205px\" \/><\/a><\/p>\n<p>&nbsp;<\/p>\n<p>Ing. arch. Ji\u0159\u00ed Gebert<\/p>\n<p>Architekt, p\u0159edseda sdru\u017een\u00ed <a href=\"http:\/\/bubenecsobe.wordpress.com\/\">Bubene\u010d sob\u011b<\/a>, publikuje o urbanismu hlavn\u00edho m\u011bsta Prahy.<\/p>\n<p><a href=\"http:\/\/obcanskymonitoring.cz\/?s=gebert&amp;x=0&amp;y=0\">\u010cl\u00e1nky autora<\/a><\/p>\n<p><strong>Ji\u0159\u00ed Gebert<\/strong>\u00a0(* 6. 6. 1942) v Praze Podol\u00ed.\u017diji a pracuji v Praze 6. Jsem p\u0159edseda \u201eOb\u010dansk\u00e9ho sdru\u017een\u00ed Bubene\u010d sob\u011b\u201c.Vystupuji v interpelac\u00edch, protestuji proti z\u00e1stavb\u011b Letensk\u00e9 pl\u00e1n\u011b,budovy PPF na V\u00edt\u011bzn\u00e9m n\u00e1m\u011bst\u00ed,p\u0159edkl\u00e1d\u00e1me i z\u00e1m\u011br v\u00fdstavby Dejvick\u00e9 farm\u00e1\u0159sk\u00e9 tr\u017enice, kultivace ulic a ve\u0159ejn\u00fdch prostranstv\u00ed,monitoruji ud\u00e1losti Prahy 6 a Magistr\u00e1tu. Jsem \u010dlen \u201ekolegia expert\u016f odborn\u00e9 ve\u0159ejnosti\u201c koalice o.s. Prahy 6. B\u011bhem dvou let v zru\u0161en\u00e9 TOP 09,Prahy 6, jsem byl zde p\u0159edsedou komise \u00fazemn\u00edho pl\u00e1nu a rozvoje. Jsem Sympatizant Pir\u00e1tsk\u00e9 strany,snad jedin\u00e9 strany s \u010distou minulost\u00ed. Jsem Architekt,publicista a v\u00fdtvarn\u00edk a jsem majitelem architektonick\u00e9 kancel\u00e1\u0159e (s.r.o.)v Praze Buben\u010di. Jsem \u010dlen \u010cesk\u00e9 a Bavorsk\u00e9 komory architekt\u016f. Str\u00e1vil jsem po z\u00e1kazu svobodn\u00e9ho povol\u00e1n\u00ed v roce 1982 \u0159adu let v N\u011bmecku. M\u00e1m krom\u011b \u010desk\u00e9ho i n\u011bmeck\u00e9 ob\u010danstv\u00ed. v Mnichov\u011b,jsem m\u011bl vlastn\u00ed architektonickou praxi. Realizoval jsem projekty v Evrop\u011b,USA,Australii,\u0160pan\u011blsku,Dubaji.V Praze jsem 1.spoluautor Hotelu Intercontinental,autor p\u0159estavby Hotelu Jockey \u0160ti\u0159\u00edn nebo nov\u00e9 Golfov\u00e9 klubovny Slapy a \u0159ady dal\u0161\u00edch projekt\u016f, cizin\u011b na p\u0159. Interier\u016f hotelu Plaza Wien, Wrigley Europe, nebo obytn\u00fdch projekt\u016f v N\u011bmecku, rekrea\u010dn\u00edch komplex\u016f,soukrom\u00fdch vil i interier\u016f soukrom\u00fdch letadel. V\u00e1\u017e\u00edm si jedine\u010dn\u00e9 a kr\u00e1sn\u00e9 Prahy a v zastupitelstvu budu h\u00e1jit z\u00e1jmy ob\u010dan\u016f a spolupracovat s ob\u010dansk\u00fdmi iniciativami. Ji\u017e v roce 1971 jako postgradu\u00e1ln\u00ed student jsem publikoval o z\u00e1padn\u00edm p\u0159\u00edstupu k urbanizmu a byl vylou\u010den z AVU. Po roce 1991 jsem byl \u010destn\u00fdm poradcem Magistr\u00e1tu pro rozvoj m\u011bsta a zahrani\u010dn\u00ed investice .Ji\u017e tehdy fungovalo korup\u010dn\u00ed prost\u0159ed\u00ed, kde pro kritick\u00e9 n\u00e1zory,kter\u00e9 jsem publikoval v tisku nebyl prostor.V sou\u010dasnosti usiluji o transparentn\u00ed a odpov\u011bdn\u00e9 rozhodov\u00e1n\u00ed,za politiku bez politick\u00fdch podnikatel\u016f(kmotr\u016f)a bez zkompromitovan\u00fdch recykluj\u00edc\u00edch politik\u016f. Po\u0159\u00e1d\u00e1m semin\u00e1\u0159e a vystoupen\u00ed pro ve\u0159ejnost. Jsem zast\u00e1nce tradi\u010dn\u00edho m\u011bsta.Zku\u0161enosti z \u010desk\u00e9 praxe a ze zahrani\u010d\u00ed jsou i know-how,jak chr\u00e1mit jedine\u010dn\u00e9 pra\u017esk\u00e9 kulturn\u00ed d\u011bdictv\u00ed a z\u00e1rove\u0148 podporovat udr\u017eiteln\u00fd rozvoj modern\u00edho funk\u010dn\u00edho m\u011bsta. Budu spolupracovat s komis\u00ed rozvoje Prahy 6 a tyto z\u00e1m\u011bry kvalifikovan\u011b prosazvat. Komun\u00e1ln\u00ed politika nem\u016f\u017ee ignorovat ob\u010dany a ve\u0159ejn\u00fd z\u00e1jem, kter\u00fdm je kr\u00e1sn\u00e9,svobodn\u00e9 a obyvateln\u00e9 m\u011bsto. Hovo\u0159\u00edm dokonale anglicky,n\u011bmecky,\u010d\u00e1te\u010dn\u011b rusky,polsky.<\/p>\n<p>Facebook <a href=\"https:\/\/www.facebook.com\/jiri.gebert.9?ref=br_rs\">Ji\u0159\u00ed\u00a0Gebert<\/a>, nebo\u00a0<a title=\"http:\/\/www.gebert-design.com\" href=\"http:\/\/www.gebert-design.com\/\" rel=\"nofollow\">www.gebert-design.com<\/a><\/p>\n<p><strong>\u00a0<\/strong><\/p>\n<p><a href=\"http:\/\/obcanskymonitoring.cz\/wp-content\/uploads\/2014\/09\/Jesatko.jpg\"><img loading=\"lazy\" class=\"alignnone size-full wp-image-3017\" alt=\"Jesatko\" src=\"http:\/\/obcanskymonitoring.cz\/wp-content\/uploads\/2014\/09\/Jesatko.jpg\" width=\"287\" height=\"167\" \/><\/a><\/p>\n<p>&nbsp;<\/p>\n<p><strong>Petr Je\u0161\u00e1tko<\/strong><\/p>\n<p>b\u00fdval\u00fd vrchn\u00ed lesn\u00ed inspektor N\u00e1rodn\u00edho parku \u0160umava, nyn\u00ed v d\u016fchodu.<\/p>\n<p>Oblast publikace: \u0160umava, N\u00e1rodn\u00ed park, ochrana p\u0159\u00edrody.<\/p>\n<p><a href=\"http:\/\/www.ceskatelevize.cz\/ivysilani\/1129337346-pridej-se\/209562248410019\/\">Po\u0159ad Petra Je\u0161\u00e1tka pro \u010ceskou televizi<\/a><\/p>\n<p><a href=\"http:\/\/obcanskymonitoring.cz\/?s=je%C5%A1%C3%A1tk&amp;x=0&amp;y=0\">\u010cl\u00e1nky autora<\/a><\/p>\n<p><a href=\"http:\/\/krystalbriliant.files.wordpress.com\/2014\/04\/538310_2226484719804_2042729122_n.jpg\"><img loading=\"lazy\" alt=\"538310_2226484719804_2042729122_n\" src=\"http:\/\/krystalbriliant.files.wordpress.com\/2014\/04\/538310_2226484719804_2042729122_n.jpg?w=300\" width=\"300\" height=\"200\" data-mce-selected=\"1\" \/><\/a><\/p>\n<p><strong>Stanislav Honz\u00edk<\/strong><\/p>\n<p>Technologick\u00fd konzultant a b\u00e1sn\u00edk p\u016fsob\u00edc\u00ed pod pseudonymem <a href=\"http:\/\/krystalbriliant.wordpress.com\/2014\/04\/24\/jan-stanislav-pokouset-skutecnost-challenging-reality\/\">Jan Stanislav<\/a>.<\/p>\n<p>Dal\u0161\u00ed \u010dl\u00e1nky autora na \u201e<a href=\"http:\/\/obcanskymonitoring.cz\/\">Ringu<\/a>\u201c si m\u016f\u017eete p\u0159e\u010d\u00edst\u00a0<a href=\"http:\/\/obcanskymonitoring.cz\/?s=honz%C3%ADk&amp;x=0&amp;y=0\">zde<\/a>.<\/p>\n<p><a href=\"http:\/\/obcanskymonitoring.cz\/wp-content\/uploads\/2014\/09\/Radek_Novotny.jpg\"><img loading=\"lazy\" class=\"alignnone size-full wp-image-3072\" alt=\"Radek_Novotny\" src=\"http:\/\/obcanskymonitoring.cz\/wp-content\/uploads\/2014\/09\/Radek_Novotny.jpg\" width=\"120\" height=\"120\" \/><\/a><\/p>\n<p>&nbsp;<\/p>\n<p><strong>Ing. Radek Novotn\u00fd , <\/strong>vod\u00e1rensk\u00fd konzultant z ob\u010dask\u00e9ho sdru\u017een\u00ed <a href=\"http:\/\/www.vodalidem.cz\/\">Voda lidem<\/a>. Pom\u00e1h\u00e1 zachovat z\u00e1sadn\u00ed vliv obc\u00ed na vodu, na jej\u00ed cenu a na to, kde kon\u010d\u00ed pen\u00edze od lid\u00ed inkasovan\u00e9 za vodu; p\u0159ed\u00e1v\u00e1 sv\u00e9 zku\u0161enosti s jedn\u00e1n\u00edm koncern\u016f, p\u0159i pokusech ovl\u00e1dnout zisky z vody na m\u00edsto okresn\u00edch vod\u00e1ren.<\/p>\n<p>&nbsp;<\/p>\n<p><a href=\"http:\/\/obcanskymonitoring.cz\/wp-content\/uploads\/2014\/09\/foto.jpg\"><img loading=\"lazy\" class=\"alignnone size-full wp-image-3019\" alt=\"foto\" src=\"http:\/\/obcanskymonitoring.cz\/wp-content\/uploads\/2014\/09\/foto.jpg\" width=\"180\" height=\"240\" \/><\/a><\/p>\n<p><strong>Mgr. V\u00edt\u011bzslav Praks, PhD.<\/strong><\/p>\n<p>IT analytik, zastupitel v obci Pr\u016fhonice<\/p>\n<p>Publika\u010dn\u00ed oblast: egovernment, monitoring a recenze legislativy p\u0159edev\u0161\u00edm z oblasti ochrany pam\u00e1tek, ochrany p\u0159\u00edrody. <a href=\"http:\/\/obcanskymonitoring.cz\/?cat=16\">Politick\u00e9 komiksy<\/a>. Zve\u0159ej\u0148ov\u00e1n\u00ed a reflexe dokument\u016f st\u00e1tn\u00ed spr\u00e1vy, k nimi\u017e by m\u011bla prob\u011bhnout spole\u010densk\u00e1 diskuse.<\/p>\n<p><a href=\"http:\/\/obcanskymonitoring.cz\/\">\u010cl\u00e1nky autora<\/a><\/p>\n<div data-counters='1' data-style='square' data-size='regular' data-url='https:\/\/obcanskymonitoring.cz\/?page_id=3014' data-title='Auto\u0159i Ringu' class='linksalpha_container linksalpha_app_3'><a href='\/\/www.linksalpha.com\/share?network='facebook' class='linksalpha_icon_facebook'><\/a><a href='\/\/www.linksalpha.com\/share?network='twitter' class='linksalpha_icon_twitter'><\/a><a href='\/\/www.linksalpha.com\/share?network='googleplus' class='linksalpha_icon_googleplus'><\/a><a href='\/\/www.linksalpha.com\/share?network='mail' class='linksalpha_icon_mail'><\/a><\/div><div data-position='' data-url='https:\/\/obcanskymonitoring.cz\/?page_id=3014' data-title='Auto\u0159i Ringu' class='linksalpha_container linksalpha_app_7'><a href='\/\/www.linksalpha.com\/share?network='facebook' class='linksalpha_icon_facebook'><\/a><a href='\/\/www.linksalpha.com\/share?network='twitter' class='linksalpha_icon_twitter'><\/a><a href='\/\/www.linksalpha.com\/share?network='googleplus' class='linksalpha_icon_googleplus'><\/a><a href='\/\/www.linksalpha.com\/share?network='mail' class='linksalpha_icon_mail'><\/a><\/div>","protected":false},"excerpt":{"rendered":"<p>Na t\u00e9to str\u00e1nce zve\u0159ejn\u00edme stru\u010dn\u00e9 profilkovky autor\u016f, kte\u0159\u00ed \u010dast\u011bji zas\u00edlaj\u00ed texty pro publikaci na &#8220;Ringu&#8220;. Ing. arch. Marie \u0160v\u00e1bov\u00e1 Oblast: Architektura, urbanismus, pam\u00e1tkov\u00e9\u00a0kauzy p\u0159edev\u0161\u00edm Prahy. \u00a0Viceprezidentka sdru\u017een\u00ed ASORKD. Ve sv\u00fdch textech se sna\u017e\u00ed p\u0159esv\u011bd\u010dit Prahu, ale i jin\u00e1 m\u011bsta k syst\u00e9mov\u011bj\u0161\u00ed ochran\u011b pam\u00e1tek a ve\u0159ejn\u00fdch prostranstv\u00ed: k zaveden\u00ed tzv. prostorov\u00fdch regulativ\u016f. \u010cl\u00e1nky autorky. &nbsp; &nbsp; [&hellip;]<\/p>\n","protected":false},"author":2,"featured_media":0,"parent":0,"menu_order":0,"comment_status":"open","ping_status":"open","template":"","meta":[],"_links":{"self":[{"href":"https:\/\/obcanskymonitoring.cz\/index.php?rest_route=\/wp\/v2\/pages\/3014"}],"collection":[{"href":"https:\/\/obcanskymonitoring.cz\/index.php?rest_route=\/wp\/v2\/pages"}],"about":[{"href":"https:\/\/obcanskymonitoring.cz\/index.php?rest_route=\/wp\/v2\/types\/page"}],"author":[{"embeddable":true,"href":"https:\/\/obcanskymonitoring.cz\/index.php?rest_route=\/wp\/v2\/users\/2"}],"replies":[{"embeddable":true,"href":"https:\/\/obcanskymonitoring.cz\/index.php?rest_route=%2Fwp%2Fv2%2Fcomments&post=3014"}],"version-history":[{"count":0,"href":"https:\/\/obcanskymonitoring.cz\/index.php?rest_route=\/wp\/v2\/pages\/3014\/revisions"}],"wp:attachment":[{"href":"https:\/\/obcanskymonitoring.cz\/index.php?rest_route=%2Fwp%2Fv2%2Fmedia&parent=3014"}],"curies":[{"name":"wp","href":"https:\/\/api.w.org\/{rel}","templated":true}]}}